{"id":282,"date":"2016-12-13T17:59:52","date_gmt":"2016-12-13T17:59:52","guid":{"rendered":"http:\/\/liag.ft.unicamp.br\/dje\/?page_id=282"},"modified":"2016-12-13T17:59:52","modified_gmt":"2016-12-13T17:59:52","slug":"equipe-dinahmizando","status":"publish","type":"page","link":"https:\/\/liag.ft.unicamp.br\/dje\/equipe-dinahmizando\/","title":{"rendered":"EQUIPE DINAHMIZANDO"},"content":{"rendered":"<p>A Equipe DINAHMIZANDO levou pra casa a medalha de prata na competi\u00e7\u00e3o.<br \/>\nQuer saber mais sobre eles?<\/p>\n<p><img fetchpriority=\"high\" decoding=\"async\" class=\"aligncenter  wp-image-283\" src=\"https:\/\/liag.ft.unicamp.br\/dje\/wp-content\/uploads\/sites\/2\/2016\/12\/dinahmizando.jpg\" alt=\"dinahmizando\" width=\"508\" height=\"388\" srcset=\"https:\/\/liag.ft.unicamp.br\/wp-content\/uploads\/sites\/2\/2016\/12\/dinahmizando.jpg 2552w, https:\/\/liag.ft.unicamp.br\/wp-content\/uploads\/sites\/2\/2016\/12\/dinahmizando-300x229.jpg 300w, https:\/\/liag.ft.unicamp.br\/wp-content\/uploads\/sites\/2\/2016\/12\/dinahmizando-768x586.jpg 768w, https:\/\/liag.ft.unicamp.br\/wp-content\/uploads\/sites\/2\/2016\/12\/dinahmizando-1024x781.jpg 1024w\" sizes=\"(max-width: 508px) 100vw, 508px\" \/><\/p>\n<p>Confere a\u00ed:<\/p>\n<hr \/>\n<p><span style=\"color: #008000\"><strong> EQUIPE DINAHMIZANDO<\/strong><\/span><\/p>\n<p>N\u00f3s, membros da Equipe DINAHMIZANDO, aprendemos muito com a participa\u00e7\u00e3o no DJE. A variedade de desafios fez com que fic\u00e1ssemos instigados a pesquisar e estudar sobre os v\u00e1rios tipos de engenharia, que \u00e9 um assunto que muito nos interessa. Aprendemos tamb\u00e9m a lidar com as diversas opini\u00f5es dos participantes, respeitando-nos e fazendo com que o trabalho em equipe fizesse toda a diferen\u00e7a no resultado final das atividades. Com certeza participaremos das pr\u00f3ximas edi\u00e7\u00f5es do DJE. Agradecemos a todos os organizadores do desafio e as pessoas que colaboraram com nossa equipe.<\/p>\n<hr \/>\n<p><strong>EUL\u00d3GIO FERREIRA BORBA (mentor) <\/strong><\/p>\n<p>Ser o mentor da Equipe DINAHMIZANDO foi muito gratificante e prazeroso, principalmente pelo empenho, persist\u00eancia e criatividade dos rapazes, ao cumprirem as tarefas do DJE 2016. Confesso que por ser ne\u00f3fito nessa fun\u00e7\u00e3o, tive que me policiar bastante, no sentido de n\u00e3o incutir conceitos e\/ou ideias preconcebidas na equipe. Tentei apenas promover corre\u00e7\u00f5es de curso quando da inviabilidade ou impossibilidade t\u00e9cnica das ideias do grupo, deixando-os o mais a vontade poss\u00edvel para criarem as solu\u00e7\u00f5es aos problemas propostos. Pelos resultados, acredito ter sido bem sucedido. Agrade\u00e7o a Equipe DINAHMIZANDO e a voc\u00eas por essa nova experi\u00eancia.<\/p>\n<p><strong> PEDRO OT\u00c1VIO MALAGUTTI <\/strong><\/p>\n<p>O Desafio Jovem Engenheiro foi de grande import\u00e2ncia para mim. Experimentei um pouco do trabalho de um engenheiro. O trabalho em equipe tamb\u00e9m foi de grande aprendizado, pela variedade de ideias e pensamentos. Acompanhar todo o processo de produ\u00e7\u00e3o na resolu\u00e7\u00e3o de um desafio, trabalhando com as ideias e com os problemas propostos, foi motivador. Descobri uma nova forma de ver e resolver problemas, sempre de maneira ponderada e com criatividade, aprendendo tamb\u00e9m a trabalhar com a ansiedade de cumprir prazos. Com certeza tenho o interesse de participar em edi\u00e7\u00f5es futuras, para mais desafios e experi\u00eancias positivas.<\/p>\n<p><strong>GUSTAVO FURLANETTO <\/strong><\/p>\n<p>Nas primeiras reuni\u00f5es com o grupo, fui pouco participativo nas discuss\u00f5es e decis\u00f5es, grande parte por causa da minha timidez, por\u00e9m conforme avan\u00e7amos nos desafios, gradativamente fui me entrosando com a equipe. Cada desafio me incentivava a aprofundar meus conhecimentos nos assuntos tratados para que pudesse ajudar a equipe, por\u00e9m, um desafio em especial foi o foco de meus pensamentos durante toda a semana, o primeiro desafio da segunda fase: SCRATCH. Esse desafio foi o meu primeiro contato com programa\u00e7\u00e3o, e com a facilidade que a plataforma proporciona, fiquei fascinado com essa parte da engenharia, comecei a considerar a possibilidade de cursar engenharia de computa\u00e7\u00e3o e \u00e1reas afins. Outro desafio que me interessou bastante foi o primeiro desafio da primeira fase, al\u00e9m de ser meu primeiro contato com o DJE e com o grupo, achei a proposta divertida e desafiadora, me levando a ficar horas pensando na resolu\u00e7\u00e3o do desafio. O DJE me mostrou quantas \u00e1rea a engenharia abrange, e o qu\u00e3o distinto s\u00e3o cada uma delas em rela\u00e7\u00e3o as outras, aumentando muito meu interesse em algumas delas, como a engenharia de computa\u00e7\u00e3o e a engenharia qu\u00edmica. Quando me convidaram para participar desse projeto, n\u00e3o pensei que seria algo t\u00e3o divertido e ao mesmo tempo desafiador. Esse foi o meu primeiro ano participando do desafio, assim como foi tamb\u00e9m o primeiro da equipe, estou muito contente com o resultado e pretendo participar novamente ano que vem.<\/p>\n<p><strong> GUILHERME DO REIS GAONA <\/strong><\/p>\n<p>O desafio jovem engenheiro foi uma experi\u00eancia emocionante, a cada desafio a disputa aumentava e a curiosidade para os pr\u00f3ximos eram enormes. Sem d\u00favida valeu a pena participar. Todos os desafios tiveram momentos de muitas ideias e outras de poucas ou nenhuma ideia, ansiedade para saber sobre os resultados e medo de que n\u00e3o estaria correto, principalmente na hora de saber quais equipes foram classificadas para a pr\u00f3xima etapa, ainda mais na final onde todos ficam nervosos, ansiosos para saber logo o resultado e quando finalmente chega o dia, uma nova surpresa, mas apesar disso, tudo ocorreu bem. N\u00e3o posso esquecer do desenvolvimento em equipe, as pesquisas, as divis\u00f5es de tarefas, as horas na frente do computador para buscar sempre a melhor alternativa poss\u00edvel, o conhecimento obtido, entre outros&#8230; Agrade\u00e7o por todos que apoiaram e ajudaram a equipe, a todos que forneceram e organizaram os desafios, as pessoas que analisaram e avaliaram os trabalhos, enfim a experi\u00eancia foi \u00f3tima.<\/p>\n<hr \/>\n<p>&nbsp;<\/p>\n","protected":false},"excerpt":{"rendered":"<p>A Equipe DINAHMIZANDO levou pra casa a medalha de prata na competi\u00e7\u00e3o. Quer saber mais sobre eles? Confere a\u00ed: EQUIPE DINAHMIZANDO N\u00f3s, membros da Equipe DINAHMIZANDO, aprendemos muito com a participa\u00e7\u00e3o no DJE. A variedade de desafios fez com que fic\u00e1ssemos instigados a pesquisar e estudar sobre os v\u00e1rios tipos de engenharia, que \u00e9 um [&hellip;]<\/p>\n","protected":false},"author":8,"featured_media":0,"parent":0,"menu_order":0,"comment_status":"closed","ping_status":"closed","template":"","meta":{"_monsterinsights_skip_tracking":false,"_monsterinsights_sitenote_active":false,"_monsterinsights_sitenote_note":"","_monsterinsights_sitenote_category":0,"footnotes":"","_links_to":"","_links_to_target":""},"class_list":["post-282","page","type-page","status-publish","hentry"],"wps_subtitle":"2\u00aa Colocada","_links":{"self":[{"href":"https:\/\/liag.ft.unicamp.br\/dje\/wp-json\/wp\/v2\/pages\/282","targetHints":{"allow":["GET"]}}],"collection":[{"href":"https:\/\/liag.ft.unicamp.br\/dje\/wp-json\/wp\/v2\/pages"}],"about":[{"href":"https:\/\/liag.ft.unicamp.br\/dje\/wp-json\/wp\/v2\/types\/page"}],"author":[{"embeddable":true,"href":"https:\/\/liag.ft.unicamp.br\/dje\/wp-json\/wp\/v2\/users\/8"}],"replies":[{"embeddable":true,"href":"https:\/\/liag.ft.unicamp.br\/dje\/wp-json\/wp\/v2\/comments?post=282"}],"version-history":[{"count":1,"href":"https:\/\/liag.ft.unicamp.br\/dje\/wp-json\/wp\/v2\/pages\/282\/revisions"}],"predecessor-version":[{"id":284,"href":"https:\/\/liag.ft.unicamp.br\/dje\/wp-json\/wp\/v2\/pages\/282\/revisions\/284"}],"wp:attachment":[{"href":"https:\/\/liag.ft.unicamp.br\/dje\/wp-json\/wp\/v2\/media?parent=282"}],"curies":[{"name":"wp","href":"https:\/\/api.w.org\/{rel}","templated":true}]}}