{"id":130,"date":"2020-11-26T17:29:28","date_gmt":"2020-11-26T20:29:28","guid":{"rendered":"http:\/\/liag.ft.unicamp.br\/empreendedorismo\/?page_id=130"},"modified":"2020-11-26T17:33:45","modified_gmt":"2020-11-26T20:33:45","slug":"aulas-de-empreendedorismo","status":"publish","type":"page","link":"https:\/\/liag.ft.unicamp.br\/empreendedorismo\/aulas-de-empreendedorismo\/","title":{"rendered":"Aulas de Empreendedorismo"},"content":{"rendered":"\n<p><a href=\"https:\/\/liag.ft.unicamp.br\/empreendedorismo\/wp-content\/uploads\/sites\/26\/2020\/01\/Site-Empreendedorismo1.png\"><img decoding=\"async\" class=\"alignnone  wp-image-6\" src=\"https:\/\/liag.ft.unicamp.br\/empreendedorismo\/wp-content\/uploads\/sites\/26\/2020\/01\/Site-Empreendedorismo1.png\" alt=\"\" width=\"314\" height=\"113\" \/><\/a><\/p>\n<p><span style=\"font-family: arial, helvetica, sans-serif; font-size: 14pt;\">O site \u00e9 o resultado atualizado de um projeto, ministrado pelo Prof. Dr. Marcos Augusto Borges. Aqui voc\u00ea encontrar\u00e1 informa\u00e7\u00f5es sobre Empreendedorismo.<\/span><\/p>\n<p><span style=\"font-family: arial, helvetica, sans-serif;\"><strong><span style=\"font-size: 24pt;\">Conte\u00fado:<\/span><\/strong><\/span><\/p>\n<ol>\n<li style=\"list-style-type: none;\">\n<ol>\n<li><a href=\"https:\/\/liag.ft.unicamp.br\/empreendedorismo\/empreendedorismo-canvas\/\"><span style=\"font-family: arial, helvetica, sans-serif;\"><strong><span style=\"font-size: 18pt;\">Canvas<\/span><\/strong><\/span><\/a><\/li>\n<li>\n<h1 class=\"title style-scope ytd-video-primary-info-renderer\"><a href=\"https:\/\/liag.ft.unicamp.br\/empreendedorismo\/empreendedorismo-proposicao-de-valor\/\"><span style=\"font-family: arial, helvetica, sans-serif;\"><strong><span style=\"font-size: 18pt;\">Proposi\u00e7\u00e3o de valor<\/span><\/strong><\/span><\/a><\/h1>\n<\/li>\n<li>\n<h1 class=\"title style-scope ytd-video-primary-info-renderer\"><a href=\"https:\/\/liag.ft.unicamp.br\/empreendedorismo\/empreendedorismo-startup-enxuta-eric-ries\/\"><span style=\"font-family: arial, helvetica, sans-serif;\"><strong><span style=\"font-size: 18pt;\">StartUp Enxuta &#8211; Eric Ries<\/span><\/strong><\/span><\/a><\/h1>\n<div id=\"info\" class=\"style-scope ytd-video-primary-info-renderer\">\u00a0<\/div>\n<\/li>\n<\/ol>\n<\/li>\n<\/ol>\n","protected":false},"excerpt":{"rendered":"<p>O site \u00e9 o resultado atualizado de um projeto, ministrado pelo Prof. Dr. Marcos Augusto Borges. Aqui voc\u00ea encontrar\u00e1 informa\u00e7\u00f5es sobre Empreendedorismo. Conte\u00fado: Canvas Proposi\u00e7\u00e3o de valor StartUp Enxuta &#8211; Eric Ries \u00a0<\/p>\n","protected":false},"author":1,"featured_media":0,"parent":0,"menu_order":0,"comment_status":"closed","ping_status":"closed","template":"","meta":{"_monsterinsights_skip_tracking":false,"_monsterinsights_sitenote_active":false,"_monsterinsights_sitenote_note":"","_monsterinsights_sitenote_category":0,"footnotes":"","_links_to":"","_links_to_target":""},"class_list":["post-130","page","type-page","status-publish","hentry"],"wps_subtitle":"","_links":{"self":[{"href":"https:\/\/liag.ft.unicamp.br\/empreendedorismo\/wp-json\/wp\/v2\/pages\/130","targetHints":{"allow":["GET"]}}],"collection":[{"href":"https:\/\/liag.ft.unicamp.br\/empreendedorismo\/wp-json\/wp\/v2\/pages"}],"about":[{"href":"https:\/\/liag.ft.unicamp.br\/empreendedorismo\/wp-json\/wp\/v2\/types\/page"}],"author":[{"embeddable":true,"href":"https:\/\/liag.ft.unicamp.br\/empreendedorismo\/wp-json\/wp\/v2\/users\/1"}],"replies":[{"embeddable":true,"href":"https:\/\/liag.ft.unicamp.br\/empreendedorismo\/wp-json\/wp\/v2\/comments?post=130"}],"version-history":[{"count":4,"href":"https:\/\/liag.ft.unicamp.br\/empreendedorismo\/wp-json\/wp\/v2\/pages\/130\/revisions"}],"predecessor-version":[{"id":143,"href":"https:\/\/liag.ft.unicamp.br\/empreendedorismo\/wp-json\/wp\/v2\/pages\/130\/revisions\/143"}],"wp:attachment":[{"href":"https:\/\/liag.ft.unicamp.br\/empreendedorismo\/wp-json\/wp\/v2\/media?parent=130"}],"curies":[{"name":"wp","href":"https:\/\/api.w.org\/{rel}","templated":true}]}}