{"id":230,"date":"2017-05-03T18:45:44","date_gmt":"2017-05-03T18:45:44","guid":{"rendered":"http:\/\/liag.ft.unicamp.br\/leanit\/?page_id=230"},"modified":"2023-05-16T13:13:39","modified_gmt":"2023-05-16T13:13:39","slug":"publicacoes","status":"publish","type":"page","link":"https:\/\/liag.ft.unicamp.br\/leanit\/publicacoes\/","title":{"rendered":"Publica\u00e7\u00f5es"},"content":{"rendered":"\t\t<div data-elementor-type=\"wp-page\" data-elementor-id=\"230\" class=\"elementor elementor-230\">\n\t\t\t\t\t\t<section class=\"elementor-section elementor-top-section elementor-element elementor-element-63a4fd6 elementor-section-boxed elementor-section-height-default elementor-section-height-default elementor-invisible\" data-id=\"63a4fd6\" data-element_type=\"section\" data-e-type=\"section\" data-settings=\"{&quot;animation&quot;:&quot;fadeInLeft&quot;}\">\n\t\t\t\t\t\t<div class=\"elementor-container elementor-column-gap-default\">\n\t\t\t\t\t<div class=\"elementor-column elementor-col-100 elementor-top-column elementor-element elementor-element-42dc0c5f\" data-id=\"42dc0c5f\" data-element_type=\"column\" data-e-type=\"column\">\n\t\t\t<div class=\"elementor-widget-wrap elementor-element-populated\">\n\t\t\t\t\t\t<div class=\"elementor-element elementor-element-411e8719 elementor-widget elementor-widget-text-editor\" data-id=\"411e8719\" data-element_type=\"widget\" data-e-type=\"widget\" data-widget_type=\"text-editor.default\">\n\t\t\t\t<div class=\"elementor-widget-container\">\n\t\t\t\t\t\t\t\t\t<p><span style=\"font-family: arial, helvetica, sans-serif; font-size: 18pt;\"><strong>Publica\u00e7\u00f5es Cient\u00edficas:<\/strong><\/span><\/p><ul><li><span style=\"color: #000000;\"><span style=\"font-family: inherit; font-size: 1rem; font-weight: var( --e-global-typography-text-font-weight );\">Sambinelli, F., Borges, M.A.F.. &#8220;<\/span><strong style=\"font-family: inherit; font-size: 1rem;\">What Software Agile Teams Do To Create Customer\u00a0Value: A Mixed-Methods Analysis\u00a0In Brazil<\/strong><span style=\"font-family: inherit; font-size: 1rem; font-weight: var( --e-global-typography-text-font-weight );\">&#8220;. International Journal of Computer Information Systems and Industrial Management Applications. ISSN 2150-7988 Volume 14 (2022). p. 068-091. Available from:\u00a0<\/span><a style=\"font-family: inherit; font-size: 1rem; font-weight: var( --e-global-typography-text-font-weight ); color: #000000;\" href=\"http:\/\/www.mirlabs.org\/ijcisim\/regular_papers_2022\/IJCISIM_7.pdf\" target=\"_blank\" rel=\"noopener\" data-saferedirecturl=\"https:\/\/www.google.com\/url?q=http:\/\/www.mirlabs.org\/ijcisim\/regular_papers_2022\/IJCISIM_7.pdf&amp;source=gmail&amp;ust=1684327459325000&amp;usg=AOvVaw1zbCUNN_vfAbpAuC6k3jsl\">http:\/\/www.mirlabs.org\/<wbr \/>ijcisim\/regular_papers_2022\/<wbr \/>IJCISIM_7.pdf<\/a><\/span><\/li><\/ul><div><span style=\"font-size: 16px; color: #000000;\">\u00a0<\/span><\/div><ul><li><span style=\"color: #000000;\">Sambinelli F, Borges MAF. <em><strong>Analyzing the Drivers of the Strategies Adoptions to Increase Customer Value in Agile Software Development<\/strong><\/em>. In: Proceedings of the XXXIII Brazilian Symposium on Software Engineering &#8211; SBES 2019 [Internet]. New York, New York, USA: ACM Press; 2019. p. 299\u2013306. Available from:<a style=\"color: #000000;\" href=\"https:\/\/dl.acm.org\/citation.cfm?doid=3350768.3350778\"> https:\/\/dl.acm.org\/citation.cfm?doid=3350768.3350778<\/a><\/span><\/li><\/ul><div><span style=\"font-size: 16px; color: #000000;\">\u00a0<\/span><\/div><ul><li><span style=\"color: #000000;\">Sambinelli F, Borges MAF. <em><strong>The Strategies to Increase Customer Value in Agile: A Survey of Brazilian Software Industry<\/strong><\/em>. J Inf Syst Eng Manag [Internet]. 2019 Aug 22;4(2). Available from: <a style=\"color: #000000;\" href=\"https:\/\/www.jisem-journal.com\/article\/the-strategies-to-increase-customer-value-in-agile-a-survey-of-brazilian-software-industry-5889\">https:\/\/www.jisem-journal.com\/article\/the-strategies-to-increase-customer-value-in-agile-a-survey-of-brazilian-software-industry-5889<\/a><\/span><\/li><\/ul><div><span style=\"font-size: 16px; color: #000000;\">\u00a0<\/span><\/div><ul><li><span style=\"color: #000000;\">Sambinelli F, Borges MAF. <\/span><em><strong><span style=\"color: #000000;\">Survey on Strategies to Increase Customer Value in Brazilian Agile So<\/span>ftware Development Companies<\/strong><\/em>. In: 2019 14th Iberian Conference on Information Systems and Technologies (CISTI) [Internet]. IEEE; 2019. p. 1\u20137. Available from: <a href=\"https:\/\/ieeexplore.ieee.org\/document\/8760653\/\">https:\/\/ieeexplore.ieee.org\/document\/8760653\/<\/a><\/li><\/ul><div><span style=\"font-size: 16px;\">\u00a0<\/span><\/div><ul><li>Sambinelli F, Borges MAF. <em><strong>Strategies to increase customer value in agile software development<\/strong><\/em>. In: Communications in Computer and Information Science [Internet]. Springer, Cham; 2019. p. 63\u201379. Available from: <a href=\"https:\/\/link.springer.com\/10.1007\/978-3-030-14310-7_5\">https:\/\/link.springer.com\/10.1007\/978-3-030-14310-7_5<\/a><\/li><\/ul><div><span style=\"font-size: 16px;\">\u00a0<\/span><\/div><ul><li>Flor\u00eancio M, Sambinelli F, Borges MAF. <strong><em>ASA: Agile Software Development Self-assessment Method<\/em>.<\/strong> In: Santos V., Pinto G. SSNA, editor. Agile Methods WBMA 2017 Communications in Computer and Information Science [Internet]. vol 802. Springer, Cham; 2018. p. 21\u201330. Available from: <a href=\"https:\/\/link.springer.com\/10.1007\/978-3-319-73673-0_2\">https:\/\/link.springer.com\/10.1007\/978-3-319-73673-0_2<\/a><\/li><\/ul><div><span style=\"font-size: 16px;\">\u00a0<\/span><\/div><ul><li>Sambinelli F, Ursini EL, Borges MAF, Martins PS. <em><strong>Modeling and Performance Analysis of Scrumban with Test-Driven Development Using Discrete Event and Fuzzy Logic<\/strong><\/em>. In: 2018 6th International Conference in Software Engineering Research and Innovation (CONISOFT) [Internet]. IEEE; 2018. p. 152\u20139. Available from:<a href=\"https:\/\/ieeexplore.ieee.org\/document\/8645924\/\"> https:\/\/ieeexplore.ieee.org\/document\/8645924\/<\/a><\/li><\/ul><div><span style=\"font-size: 16px;\">\u00a0<\/span><\/div><ul><li>Sambinelli F, Borges MAF. <em><strong>Lean Thinking in Software Engineering\u202f: A Systematic Review<\/strong><\/em>. Int J Softw Eng Appl [Internet]. 2017 May 30;8(3):15\u201332. Available from: <a href=\"https:\/\/aircconline.com\/ijsea\/V8N3\/8317ijsea02.pdf\">https:\/\/aircconline.com\/ijsea\/V8N3\/8317ijsea02.pdf<\/a><\/li><\/ul>\t\t\t\t\t\t\t\t<\/div>\n\t\t\t\t<\/div>\n\t\t\t\t\t<\/div>\n\t\t<\/div>\n\t\t\t\t\t<\/div>\n\t\t<\/section>\n\t\t\t\t<section class=\"elementor-section elementor-top-section elementor-element elementor-element-28cbd5e elementor-section-boxed elementor-section-height-default elementor-section-height-default elementor-invisible\" data-id=\"28cbd5e\" data-element_type=\"section\" data-e-type=\"section\" data-settings=\"{&quot;animation&quot;:&quot;fadeInLeft&quot;}\">\n\t\t\t\t\t\t<div class=\"elementor-container elementor-column-gap-default\">\n\t\t\t\t\t<div class=\"elementor-column elementor-col-100 elementor-top-column elementor-element elementor-element-d934f5d\" data-id=\"d934f5d\" data-element_type=\"column\" data-e-type=\"column\">\n\t\t\t<div class=\"elementor-widget-wrap elementor-element-populated\">\n\t\t\t\t\t\t<div class=\"elementor-element elementor-element-bf51e09 elementor-widget elementor-widget-text-editor\" data-id=\"bf51e09\" data-element_type=\"widget\" data-e-type=\"widget\" data-widget_type=\"text-editor.default\">\n\t\t\t\t<div class=\"elementor-widget-container\">\n\t\t\t\t\t\t\t\t\t<p><span style=\"font-family: arial, helvetica, sans-serif; font-size: 18pt;\"><strong>Tese de doutorado:<\/strong><\/span><\/p><ul><li>SAMBINELLI, Fernando. Estrat\u00e9gias para cria\u00e7\u00e3o de valor para o cliente em equipes \u00e1geis de software. 2020. 1 recurso online (178 p.) Tese (doutorado) &#8211; Universidade Estadual de Campinas, Faculdade de Tecnologia, Limeira, SP. Dispon\u00edvel em: <a href=\"https:\/\/hdl.handle.net\/20.500.12733\/1639345\" target=\"_blank\" rel=\"noopener\" data-saferedirecturl=\"https:\/\/www.google.com\/url?q=https:\/\/hdl.handle.net\/20.500.12733\/1639345&amp;source=gmail&amp;ust=1684327459325000&amp;usg=AOvVaw3PKVi7xEZ3uITYPUzLOf6C\">https:\/\/hdl.handle.net\/20.500.<wbr \/>12733\/1639345<\/a>. Acesso em: 30 jan. 2023.<\/li><\/ul>\t\t\t\t\t\t\t\t<\/div>\n\t\t\t\t<\/div>\n\t\t\t\t\t<\/div>\n\t\t<\/div>\n\t\t\t\t\t<\/div>\n\t\t<\/section>\n\t\t\t\t<section class=\"elementor-section elementor-top-section elementor-element elementor-element-664ca83 elementor-section-boxed elementor-section-height-default elementor-section-height-default elementor-invisible\" data-id=\"664ca83\" data-element_type=\"section\" data-e-type=\"section\" data-settings=\"{&quot;animation&quot;:&quot;fadeInLeft&quot;}\">\n\t\t\t\t\t\t<div class=\"elementor-container elementor-column-gap-default\">\n\t\t\t\t\t<div class=\"elementor-column elementor-col-100 elementor-top-column elementor-element elementor-element-a65a226\" data-id=\"a65a226\" data-element_type=\"column\" data-e-type=\"column\">\n\t\t\t<div class=\"elementor-widget-wrap elementor-element-populated\">\n\t\t\t\t\t\t<div class=\"elementor-element elementor-element-72eef96 elementor-widget elementor-widget-text-editor\" data-id=\"72eef96\" data-element_type=\"widget\" data-e-type=\"widget\" data-widget_type=\"text-editor.default\">\n\t\t\t\t<div class=\"elementor-widget-container\">\n\t\t\t\t\t\t\t\t\t<p><strong style=\"color: #003300; font-family: arial, helvetica, sans-serif; font-size: 18pt;\">Disserta\u00e7\u00e3o de Mestrado:\u00a0<\/strong><\/p><ul><li><div>JESUS, Carlos Roberto de. Proposi\u00e7\u00e3o e an\u00e1lise de um m\u00e9todo de avalia\u00e7\u00e3o Lean IT aplicado em empresas de tecnologia de informa\u00e7\u00e3o. 2019. 1 recurso online (108 p.) Disserta\u00e7\u00e3o (mestrado) &#8211; Universidade Estadual de Campinas, Faculdade de Tecnologia, Limeira, SP. Dispon\u00edvel em:\u00a0<a href=\"https:\/\/hdl.handle.net\/20.500.12733\/1637316\" target=\"_blank\" rel=\"noopener\" data-saferedirecturl=\"https:\/\/www.google.com\/url?q=https:\/\/hdl.handle.net\/20.500.12733\/1637316&amp;source=gmail&amp;ust=1684327459325000&amp;usg=AOvVaw33yGpll1tfYwanw62I6NrJ\">https:\/\/hdl.handle.net\/20.500.<wbr \/>12733\/1637316<\/a>. Acesso em: 30 jan. 2023.<\/div><\/li><\/ul><div><span style=\"font-size: 16px;\">\u00a0<\/span><\/div><ul><li><div>CANTANHEDE, Marco Andr\u00e9 Dias. Lean thinking em desenvolvimento de software: estudo e aplica\u00e7\u00e3o de ferramenta para avalia\u00e7\u00e3o do lean em software. 2014. 142 p. Disserta\u00e7\u00e3o (mestrado) &#8211; Universidade Estadual de Campinas, Faculdade de Tecnologia, Limeira, SP. Dispon\u00edvel em:\u00a0<a href=\"https:\/\/hdl.handle.net\/20.500.12733\/1622903\" target=\"_blank\" rel=\"noopener\" data-saferedirecturl=\"https:\/\/www.google.com\/url?q=https:\/\/hdl.handle.net\/20.500.12733\/1622903&amp;source=gmail&amp;ust=1684327459325000&amp;usg=AOvVaw3gxAVuuq5nWfi1g3Q7zsFp\">https:\/\/hdl.handle.net\/20.500.<wbr \/>12733\/1622903<\/a>. Acesso em: 30 jan. 2023.\u00a0 \u00a0<\/div><\/li><\/ul>\t\t\t\t\t\t\t\t<\/div>\n\t\t\t\t<\/div>\n\t\t\t\t\t<\/div>\n\t\t<\/div>\n\t\t\t\t\t<\/div>\n\t\t<\/section>\n\t\t\t\t<section class=\"elementor-section elementor-top-section elementor-element elementor-element-8f4b761 elementor-section-boxed elementor-section-height-default elementor-section-height-default elementor-invisible\" data-id=\"8f4b761\" data-element_type=\"section\" data-e-type=\"section\" data-settings=\"{&quot;animation&quot;:&quot;fadeInLeft&quot;}\">\n\t\t\t\t\t\t<div class=\"elementor-container elementor-column-gap-default\">\n\t\t\t\t\t<div class=\"elementor-column elementor-col-100 elementor-top-column elementor-element elementor-element-7f9b95e\" data-id=\"7f9b95e\" data-element_type=\"column\" data-e-type=\"column\">\n\t\t\t<div class=\"elementor-widget-wrap elementor-element-populated\">\n\t\t\t\t\t\t<div class=\"elementor-element elementor-element-f9c1341 elementor-widget elementor-widget-text-editor\" data-id=\"f9c1341\" data-element_type=\"widget\" data-e-type=\"widget\" data-widget_type=\"text-editor.default\">\n\t\t\t\t<div class=\"elementor-widget-container\">\n\t\t\t\t\t\t\t\t\t<p><strong style=\"color: #003300; font-family: arial, helvetica, sans-serif; font-size: 14pt;\"><span style=\"font-size: 18pt;\">Trabalhos de Conclus\u00e3o de Curso:<\/span><\/strong><\/p><ul><li style=\"text-align: left;\"><span style=\"color: #000000;\"><span style=\"font-family: arial, helvetica, sans-serif; font-size: 12pt;\">Cibele Lima Dantas. <strong>Lean IT: Estudo de Lean Thinking na \u00e1rea de Tecnologia da Informa\u00e7\u00e3o<\/strong>. 2016. Trabalho de Conclus\u00e3o de Curso. (Gradua\u00e7\u00e3o em Tecnologia em An\u00e1lise e Desenvolvimento de Sistema) &#8211; Faculdade de Tecnologia &#8211; UNICAMP. Orientador: Marcos Augusto Francisco Borges. <\/span><strong style=\"font-family: arial, helvetica, sans-serif; font-size: 12pt;\"><a style=\"color: #000000;\" href=\"https:\/\/drive.google.com\/file\/d\/0B-1OJjz92hqRSTFVQ2F4RGwwdjg\/view?usp=sharing\">Download<\/a><\/strong><\/span><\/li><\/ul><ul style=\"text-align: left;\"><li><span style=\"color: #000000;\"><span style=\"font-family: arial, helvetica, sans-serif; font-size: 12pt;\">\u00a0Fernanda Yukari Yagima. <strong>Lean Startup:Uma aplica\u00e7\u00e3o ao projeto neoTime Touch<\/strong>. 2012. Trabalho de Conclus\u00e3o\u00a0 de \u00a0 Curso. (Gradua\u00e7\u00e3o em Tecnologia em Inform\u00e1tica) &#8211; Faculdade de Tecnologia &#8211; UNICAMP. Orientador: Marcos Augusto Francisco Borges. <\/span><a style=\"color: #000000;\" href=\"https:\/\/drive.google.com\/file\/d\/0B-1OJjz92hqRd2NBeDN3Q3E4Qk0\/view?usp=sharing\"><strong>Download<\/strong><\/a><\/span><\/li><\/ul><ul style=\"text-align: left;\"><li><span style=\"font-family: arial, helvetica, sans-serif; font-size: 12pt; color: #000000;\">Leandro Almeida Morelato. <strong>A metodologia scrum aplicada ao desenvolvimento de projetos de software<\/strong>. 2010. Curso (Tecnologia em An\u00e1lise e Desenvolvimento de Sistema) &#8211; Faculdade de Tecnologia &#8211; UNICAMP.Orientador: Marcos Augusto Francisco Borges.<\/span><\/li><\/ul><ul style=\"text-align: left;\"><li><span style=\"font-family: arial, helvetica, sans-serif; font-size: 12pt; color: #000000;\">Anderson Luiz Lazzarini Silveira. <strong>Compara\u00e7\u00e3o entre metodologias de trabalho em ambiente corporativo de T.I. e metodologias Lean<\/strong>. 2011. Curso (Tecnologia em Inform\u00e1tica) &#8211; Faculdade de Tecnologia &#8211; UNICAMP.\u00a0Orientador: Marcos Augusto Francisco Borges.<\/span><\/li><\/ul><ul><li style=\"text-align: left;\"><span style=\"font-family: arial, helvetica, sans-serif; font-size: 12pt; color: #000000;\">Mariane M\u00f6ller. <strong>Gerenciamento de metodologias \u00e1geis<\/strong>. 2013. Curso (Tecnologia em Inform\u00e1tica) &#8211; Faculdade de Tecnologia &#8211; UNICAMP.\u00a0Orientador: Marcos Augusto Francisco Borges.<\/span><\/li><\/ul>\t\t\t\t\t\t\t\t<\/div>\n\t\t\t\t<\/div>\n\t\t\t\t\t<\/div>\n\t\t<\/div>\n\t\t\t\t\t<\/div>\n\t\t<\/section>\n\t\t\t\t<\/div>\n\t\t","protected":false},"excerpt":{"rendered":"<p>Publica\u00e7\u00f5es Cient\u00edficas: Sambinelli, F., Borges, M.A.F.. &#8220;What Software Agile Teams Do To Create Customer\u00a0Value: A Mixed-Methods Analysis\u00a0In Brazil&#8220;. International Journal of Computer Information Systems and Industrial Management Applications. ISSN 2150-7988 Volume 14 (2022). p. 068-091. Available from:\u00a0http:\/\/www.mirlabs.org\/ijcisim\/regular_papers_2022\/IJCISIM_7.pdf \u00a0 Sambinelli F, Borges MAF. Analyzing the Drivers of the Strategies Adoptions to Increase Customer Value in Agile [&hellip;]<\/p>\n","protected":false},"author":1,"featured_media":0,"parent":0,"menu_order":0,"comment_status":"closed","ping_status":"closed","template":"","meta":{"_monsterinsights_skip_tracking":false,"_monsterinsights_sitenote_active":false,"_monsterinsights_sitenote_note":"","_monsterinsights_sitenote_category":0,"footnotes":"","_links_to":"","_links_to_target":""},"class_list":["post-230","page","type-page","status-publish","hentry"],"wps_subtitle":"","_links":{"self":[{"href":"https:\/\/liag.ft.unicamp.br\/leanit\/wp-json\/wp\/v2\/pages\/230","targetHints":{"allow":["GET"]}}],"collection":[{"href":"https:\/\/liag.ft.unicamp.br\/leanit\/wp-json\/wp\/v2\/pages"}],"about":[{"href":"https:\/\/liag.ft.unicamp.br\/leanit\/wp-json\/wp\/v2\/types\/page"}],"author":[{"embeddable":true,"href":"https:\/\/liag.ft.unicamp.br\/leanit\/wp-json\/wp\/v2\/users\/1"}],"replies":[{"embeddable":true,"href":"https:\/\/liag.ft.unicamp.br\/leanit\/wp-json\/wp\/v2\/comments?post=230"}],"version-history":[{"count":53,"href":"https:\/\/liag.ft.unicamp.br\/leanit\/wp-json\/wp\/v2\/pages\/230\/revisions"}],"predecessor-version":[{"id":603,"href":"https:\/\/liag.ft.unicamp.br\/leanit\/wp-json\/wp\/v2\/pages\/230\/revisions\/603"}],"wp:attachment":[{"href":"https:\/\/liag.ft.unicamp.br\/leanit\/wp-json\/wp\/v2\/media?parent=230"}],"curies":[{"name":"wp","href":"https:\/\/api.w.org\/{rel}","templated":true}]}}