{"id":5168,"date":"2019-05-14T15:33:31","date_gmt":"2019-05-14T18:33:31","guid":{"rendered":"http:\/\/liag.ft.unicamp.br\/liagcopiateste\/?page_id=5168"},"modified":"2024-01-05T13:55:22","modified_gmt":"2024-01-05T16:55:22","slug":"app-inventor","status":"publish","type":"page","link":"https:\/\/liag.ft.unicamp.br\/liagcopiateste\/app-inventor\/","title":{"rendered":"APP INVENTOR GEST\u00c3O"},"content":{"rendered":"\n<p dir=\"ltr\"><strong><span style=\"font-family: arial, helvetica, sans-serif; font-size: 18pt;\">Din\u00e2micas com App Inventor apoiadas por t\u00e9cnicas de Gest\u00e3o de Projetos<\/span><\/strong><\/p>\n<p dir=\"ltr\"><strong><span style=\"font-family: arial, helvetica, sans-serif; font-size: 18pt;\">Inicia\u00e7\u00e3o cient\u00edfica<br \/><\/span><\/strong><span style=\"font-family: arial, helvetica, sans-serif; font-size: 14pt;\">Juliana Perez Ribeiro<br \/><\/span><span style=\"font-family: arial, helvetica, sans-serif; font-size: 14pt;\">Din\u00e2micas com App Inventor apoiadas por t\u00e9cnicas de Gest\u00e3o de Projetos<\/span><\/p>\n<p dir=\"ltr\"><span style=\"font-family: arial, helvetica, sans-serif; font-size: 14pt;\"><strong><span style=\"font-size: 18pt;\">In\u00edcio:<\/span><\/strong> 2016<\/span><\/p>\n<p dir=\"ltr\"><span style=\"font-family: arial, helvetica, sans-serif; font-size: 14pt;\"><strong><span style=\"font-size: 18pt;\">Orientador:<\/span><\/strong> Prof. Dr. Marcos Augusto Francisco Borges.<\/span><\/p>\n<p dir=\"ltr\"><span style=\"font-family: arial, helvetica, sans-serif; font-size: 14pt;\"><strong><span style=\"font-size: 18pt;\">Resumo:<\/span><\/strong> Com o uso frequente das novas tecnologias, muito se tem estudado sobre as vantagens da utiliza\u00e7\u00e3o das mesmas no \u00e2mbito educacional. A proximidade da entre a realidade apresentada nos dispositivos m\u00f3veis e a pr\u00e1tica dos alunos na utiliza\u00e7\u00e3o de ferramentas e aplica\u00e7\u00f5es mostram-se favor\u00e1veis para a introdu\u00e7\u00e3o de conceitos iniciais de programa\u00e7\u00e3o vistos nos cursos superiores da \u00e1rea de computa\u00e7\u00e3o. Este trabalho tem como objetivo apresentar uma proposta pedag\u00f3gica de ensino de programa\u00e7\u00e3o, para alunos de ensino m\u00e9dio, utilizando-se de din\u00e2micas no ensino apoiadas pela metodologia \u00e1gil de gest\u00e3o de projetos Scrum. Para a elabora\u00e7\u00e3o das din\u00e2micas, foi utilizada a ferramenta App Inventor (APP INVENTOR, 2016), que,<\/span><\/p>\n<p dir=\"ltr\"><span style=\"font-family: arial, helvetica, sans-serif; font-size: 14pt;\">atrav\u00e9s de blocos de instru\u00e7\u00f5es, cria aplicativos para dispositivos m\u00f3veis de forma facilitada.<\/span><\/p>\n<p dir=\"ltr\"><a href=\"https:\/\/liag.ft.unicamp.br\/liagcopiateste\/wp-content\/uploads\/sites\/36\/2019\/05\/Relat\u00f3rio-Final-JULIANA-P-RIBEIRO-v.3.pdf\"><strong><span style=\"font-family: arial, helvetica, sans-serif; font-size: 18pt;\">Acesso ao relat\u00f3rio final da IC<\/span><\/strong><\/a><\/p>\n<div class=\"yj6qo\">\u00a0<\/div>\n","protected":false},"excerpt":{"rendered":"<p>Din\u00e2micas com App Inventor apoiadas por t\u00e9cnicas de Gest\u00e3o de Projetos Inicia\u00e7\u00e3o cient\u00edficaJuliana Perez RibeiroDin\u00e2micas com App Inventor apoiadas por t\u00e9cnicas de Gest\u00e3o de Projetos In\u00edcio: 2016 Orientador: Prof. Dr. Marcos Augusto Francisco Borges. Resumo: Com o uso frequente das novas tecnologias, muito se tem estudado sobre as vantagens da utiliza\u00e7\u00e3o das mesmas no \u00e2mbito [&hellip;]<\/p>\n","protected":false},"author":1,"featured_media":0,"parent":0,"menu_order":0,"comment_status":"closed","ping_status":"closed","template":"","meta":{"_monsterinsights_skip_tracking":false,"_monsterinsights_sitenote_active":false,"_monsterinsights_sitenote_note":"","_monsterinsights_sitenote_category":0,"footnotes":"","_links_to":"","_links_to_target":""},"class_list":["post-5168","page","type-page","status-publish","hentry"],"yoast_head":"<!-- This site is optimized with the Yoast SEO plugin v27.4 - https:\/\/yoast.com\/product\/yoast-seo-wordpress\/ -->\n<title>APP INVENTOR GEST\u00c3O - LIAG c\u00f3pia teste<\/title>\n<meta name=\"robots\" content=\"index, follow, max-snippet:-1, max-image-preview:large, max-video-preview:-1\" \/>\n<link rel=\"canonical\" href=\"https:\/\/liag.ft.unicamp.br\/liagcopiateste\/app-inventor\/\" \/>\n<meta property=\"og:locale\" content=\"pt_BR\" \/>\n<meta property=\"og:type\" content=\"article\" \/>\n<meta property=\"og:title\" content=\"APP INVENTOR GEST\u00c3O - LIAG c\u00f3pia teste\" \/>\n<meta property=\"og:description\" content=\"Din\u00e2micas com App Inventor apoiadas por t\u00e9cnicas de Gest\u00e3o de Projetos Inicia\u00e7\u00e3o cient\u00edficaJuliana Perez RibeiroDin\u00e2micas com App Inventor apoiadas por t\u00e9cnicas de Gest\u00e3o de Projetos In\u00edcio: 2016 Orientador: Prof. Dr. Marcos Augusto Francisco Borges. Resumo: Com o uso frequente das novas tecnologias, muito se tem estudado sobre as vantagens da utiliza\u00e7\u00e3o das mesmas no \u00e2mbito [&hellip;]\" \/>\n<meta property=\"og:url\" content=\"https:\/\/liag.ft.unicamp.br\/liagcopiateste\/app-inventor\/\" \/>\n<meta property=\"og:site_name\" content=\"LIAG c\u00f3pia teste\" \/>\n<meta property=\"article:publisher\" content=\"https:\/\/www.facebook.com\/Liag-Laborat%c3%b3rio-de-inform%c3%a1tica-aprendizagem-e-gest%c3%a3o-245242555530637\/\" \/>\n<meta property=\"article:modified_time\" content=\"2024-01-05T16:55:22+00:00\" \/>\n<meta name=\"twitter:card\" content=\"summary_large_image\" \/>\n<meta name=\"twitter:label1\" content=\"Est. tempo de leitura\" \/>\n\t<meta name=\"twitter:data1\" content=\"1 minuto\" \/>\n<script type=\"application\/ld+json\" class=\"yoast-schema-graph\">{\"@context\":\"https:\\\/\\\/schema.org\",\"@graph\":[{\"@type\":\"WebPage\",\"@id\":\"https:\\\/\\\/liag.ft.unicamp.br\\\/liagcopiateste\\\/app-inventor\\\/\",\"url\":\"https:\\\/\\\/liag.ft.unicamp.br\\\/liagcopiateste\\\/app-inventor\\\/\",\"name\":\"APP INVENTOR GEST\u00c3O - LIAG c\u00f3pia teste\",\"isPartOf\":{\"@id\":\"https:\\\/\\\/liag.ft.unicamp.br\\\/liagcopiateste\\\/#website\"},\"datePublished\":\"2019-05-14T18:33:31+00:00\",\"dateModified\":\"2024-01-05T16:55:22+00:00\",\"breadcrumb\":{\"@id\":\"https:\\\/\\\/liag.ft.unicamp.br\\\/liagcopiateste\\\/app-inventor\\\/#breadcrumb\"},\"inLanguage\":\"pt-BR\",\"potentialAction\":[{\"@type\":\"ReadAction\",\"target\":[\"https:\\\/\\\/liag.ft.unicamp.br\\\/liagcopiateste\\\/app-inventor\\\/\"]}]},{\"@type\":\"BreadcrumbList\",\"@id\":\"https:\\\/\\\/liag.ft.unicamp.br\\\/liagcopiateste\\\/app-inventor\\\/#breadcrumb\",\"itemListElement\":[{\"@type\":\"ListItem\",\"position\":1,\"name\":\"Home\",\"item\":\"https:\\\/\\\/liag.ft.unicamp.br\\\/liagcopiateste\\\/\"},{\"@type\":\"ListItem\",\"position\":2,\"name\":\"APP INVENTOR GEST\u00c3O\"}]},{\"@type\":\"WebSite\",\"@id\":\"https:\\\/\\\/liag.ft.unicamp.br\\\/liagcopiateste\\\/#website\",\"url\":\"https:\\\/\\\/liag.ft.unicamp.br\\\/liagcopiateste\\\/\",\"name\":\"LIAG\",\"description\":\"Laborat\u00f3rio de Inform\u00e1tica, Aprendizado e Gest\u00e3o\",\"publisher\":{\"@id\":\"https:\\\/\\\/liag.ft.unicamp.br\\\/liagcopiateste\\\/#organization\"},\"potentialAction\":[{\"@type\":\"SearchAction\",\"target\":{\"@type\":\"EntryPoint\",\"urlTemplate\":\"https:\\\/\\\/liag.ft.unicamp.br\\\/liagcopiateste\\\/?s={search_term_string}\"},\"query-input\":{\"@type\":\"PropertyValueSpecification\",\"valueRequired\":true,\"valueName\":\"search_term_string\"}}],\"inLanguage\":\"pt-BR\"},{\"@type\":\"Organization\",\"@id\":\"https:\\\/\\\/liag.ft.unicamp.br\\\/liagcopiateste\\\/#organization\",\"name\":\"LIAG\",\"url\":\"https:\\\/\\\/liag.ft.unicamp.br\\\/liagcopiateste\\\/\",\"logo\":{\"@type\":\"ImageObject\",\"inLanguage\":\"pt-BR\",\"@id\":\"https:\\\/\\\/liag.ft.unicamp.br\\\/liagcopiateste\\\/#\\\/schema\\\/logo\\\/image\\\/\",\"url\":\"https:\\\/\\\/liag.ft.unicamp.br\\\/liagcopiateste\\\/wp-content\\\/uploads\\\/sites\\\/36\\\/2016\\\/10\\\/cropped-logo_liag.png\",\"contentUrl\":\"https:\\\/\\\/liag.ft.unicamp.br\\\/liagcopiateste\\\/wp-content\\\/uploads\\\/sites\\\/36\\\/2016\\\/10\\\/cropped-logo_liag.png\",\"width\":148,\"height\":80,\"caption\":\"LIAG\"},\"image\":{\"@id\":\"https:\\\/\\\/liag.ft.unicamp.br\\\/liagcopiateste\\\/#\\\/schema\\\/logo\\\/image\\\/\"},\"sameAs\":[\"https:\\\/\\\/www.facebook.com\\\/Liag-Laborat\u00f3rio-de-inform\u00e1tica-aprendizagem-e-gest\u00e3o-245242555530637\\\/\"]}]}<\/script>\n<!-- \/ Yoast SEO plugin. -->","yoast_head_json":{"title":"APP INVENTOR GEST\u00c3O - LIAG c\u00f3pia teste","robots":{"index":"index","follow":"follow","max-snippet":"max-snippet:-1","max-image-preview":"max-image-preview:large","max-video-preview":"max-video-preview:-1"},"canonical":"https:\/\/liag.ft.unicamp.br\/liagcopiateste\/app-inventor\/","og_locale":"pt_BR","og_type":"article","og_title":"APP INVENTOR GEST\u00c3O - LIAG c\u00f3pia teste","og_description":"Din\u00e2micas com App Inventor apoiadas por t\u00e9cnicas de Gest\u00e3o de Projetos Inicia\u00e7\u00e3o cient\u00edficaJuliana Perez RibeiroDin\u00e2micas com App Inventor apoiadas por t\u00e9cnicas de Gest\u00e3o de Projetos In\u00edcio: 2016 Orientador: Prof. Dr. Marcos Augusto Francisco Borges. Resumo: Com o uso frequente das novas tecnologias, muito se tem estudado sobre as vantagens da utiliza\u00e7\u00e3o das mesmas no \u00e2mbito [&hellip;]","og_url":"https:\/\/liag.ft.unicamp.br\/liagcopiateste\/app-inventor\/","og_site_name":"LIAG c\u00f3pia teste","article_publisher":"https:\/\/www.facebook.com\/Liag-Laborat%c3%b3rio-de-inform%c3%a1tica-aprendizagem-e-gest%c3%a3o-245242555530637\/","article_modified_time":"2024-01-05T16:55:22+00:00","twitter_card":"summary_large_image","twitter_misc":{"Est. tempo de leitura":"1 minuto"},"schema":{"@context":"https:\/\/schema.org","@graph":[{"@type":"WebPage","@id":"https:\/\/liag.ft.unicamp.br\/liagcopiateste\/app-inventor\/","url":"https:\/\/liag.ft.unicamp.br\/liagcopiateste\/app-inventor\/","name":"APP INVENTOR GEST\u00c3O - LIAG c\u00f3pia teste","isPartOf":{"@id":"https:\/\/liag.ft.unicamp.br\/liagcopiateste\/#website"},"datePublished":"2019-05-14T18:33:31+00:00","dateModified":"2024-01-05T16:55:22+00:00","breadcrumb":{"@id":"https:\/\/liag.ft.unicamp.br\/liagcopiateste\/app-inventor\/#breadcrumb"},"inLanguage":"pt-BR","potentialAction":[{"@type":"ReadAction","target":["https:\/\/liag.ft.unicamp.br\/liagcopiateste\/app-inventor\/"]}]},{"@type":"BreadcrumbList","@id":"https:\/\/liag.ft.unicamp.br\/liagcopiateste\/app-inventor\/#breadcrumb","itemListElement":[{"@type":"ListItem","position":1,"name":"Home","item":"https:\/\/liag.ft.unicamp.br\/liagcopiateste\/"},{"@type":"ListItem","position":2,"name":"APP INVENTOR GEST\u00c3O"}]},{"@type":"WebSite","@id":"https:\/\/liag.ft.unicamp.br\/liagcopiateste\/#website","url":"https:\/\/liag.ft.unicamp.br\/liagcopiateste\/","name":"LIAG","description":"Laborat\u00f3rio de Inform\u00e1tica, Aprendizado e Gest\u00e3o","publisher":{"@id":"https:\/\/liag.ft.unicamp.br\/liagcopiateste\/#organization"},"potentialAction":[{"@type":"SearchAction","target":{"@type":"EntryPoint","urlTemplate":"https:\/\/liag.ft.unicamp.br\/liagcopiateste\/?s={search_term_string}"},"query-input":{"@type":"PropertyValueSpecification","valueRequired":true,"valueName":"search_term_string"}}],"inLanguage":"pt-BR"},{"@type":"Organization","@id":"https:\/\/liag.ft.unicamp.br\/liagcopiateste\/#organization","name":"LIAG","url":"https:\/\/liag.ft.unicamp.br\/liagcopiateste\/","logo":{"@type":"ImageObject","inLanguage":"pt-BR","@id":"https:\/\/liag.ft.unicamp.br\/liagcopiateste\/#\/schema\/logo\/image\/","url":"https:\/\/liag.ft.unicamp.br\/liagcopiateste\/wp-content\/uploads\/sites\/36\/2016\/10\/cropped-logo_liag.png","contentUrl":"https:\/\/liag.ft.unicamp.br\/liagcopiateste\/wp-content\/uploads\/sites\/36\/2016\/10\/cropped-logo_liag.png","width":148,"height":80,"caption":"LIAG"},"image":{"@id":"https:\/\/liag.ft.unicamp.br\/liagcopiateste\/#\/schema\/logo\/image\/"},"sameAs":["https:\/\/www.facebook.com\/Liag-Laborat\u00f3rio-de-inform\u00e1tica-aprendizagem-e-gest\u00e3o-245242555530637\/"]}]}},"wps_subtitle":"","_links":{"self":[{"href":"https:\/\/liag.ft.unicamp.br\/liagcopiateste\/wp-json\/wp\/v2\/pages\/5168","targetHints":{"allow":["GET"]}}],"collection":[{"href":"https:\/\/liag.ft.unicamp.br\/liagcopiateste\/wp-json\/wp\/v2\/pages"}],"about":[{"href":"https:\/\/liag.ft.unicamp.br\/liagcopiateste\/wp-json\/wp\/v2\/types\/page"}],"author":[{"embeddable":true,"href":"https:\/\/liag.ft.unicamp.br\/liagcopiateste\/wp-json\/wp\/v2\/users\/1"}],"replies":[{"embeddable":true,"href":"https:\/\/liag.ft.unicamp.br\/liagcopiateste\/wp-json\/wp\/v2\/comments?post=5168"}],"version-history":[{"count":5,"href":"https:\/\/liag.ft.unicamp.br\/liagcopiateste\/wp-json\/wp\/v2\/pages\/5168\/revisions"}],"predecessor-version":[{"id":7581,"href":"https:\/\/liag.ft.unicamp.br\/liagcopiateste\/wp-json\/wp\/v2\/pages\/5168\/revisions\/7581"}],"wp:attachment":[{"href":"https:\/\/liag.ft.unicamp.br\/liagcopiateste\/wp-json\/wp\/v2\/media?parent=5168"}],"curies":[{"name":"wp","href":"https:\/\/api.w.org\/{rel}","templated":true}]}}