{"id":2119,"date":"2016-06-28T13:16:25","date_gmt":"2016-06-28T16:16:25","guid":{"rendered":"http:\/\/liag.ft.unicamp.br\/robocode\/?page_id=2119"},"modified":"2016-06-28T13:16:25","modified_gmt":"2016-06-28T16:16:25","slug":"1o-rodada-robocode-cotil","status":"publish","type":"page","link":"https:\/\/liag.ft.unicamp.br\/robocode\/1o-rodada-robocode-cotil\/","title":{"rendered":"1\u00ba Rodada Robocode COTIL"},"content":{"rendered":"<h1><\/h1>\n<p>Nessa Primeira rodada contamos com 3 equipes do COTIL e 1 equipe do COTUCA, ambos col\u00e9gios t\u00e9cnicos da UNICAMP.<\/p>\n<h1>Harecrishna 0 x 10 Pixel Shot<\/h1>\n<p>Com Alguns Problemas t\u00e9cnicos com seu rob\u00f4 <em>Endhiram<\/em>, a equipe <em>Harecrishna<\/em>perdeu a primeira partida para a equipe Pixel Shot. Houve uma tentativa de reverter a desvantagem no breve intervalo, por\u00e9m n\u00e3o foi o suficiente<em>. \u00a0Pixel Shot <\/em>e seu rob\u00f4 <em>Paradoxos <\/em>terminaram invictos.<\/p>\n<h2>V\u00eddeo da Partida:<\/h2>\n<p><em>Foi apontado durante a partida, que houve c\u00f3pia por parte da equipe Pixel Shot em seu rob\u00f4 Paradoxos, foi confirmado com a equipe e debatido sobre o assunto. Com a vit\u00f3ria da Pixel foi decido que a equipe apenas completaria tabela na final da rodada.<\/em><\/p>\n<h1>PD Terror 8 x 2 TITANS<\/h1>\n<p>Partida muito disputada, ambas equipes com bons rob\u00f4s e comportamentos similares, TITANS utilizou 2 rob\u00f4s: KayoAnalisis e\u00a0SadamHusseim e a equipe PD Terror utilizou apenas o Asimov. A partida encerrou com 8 vitorias para a equipe PD Terror sobre os TITANS.<\/p>\n<h2>V\u00eddeo da Partida:<\/h2>\n<p><em>A equipe TITANS trocou de\u00a0rob\u00f4\u00a0no intervalo, saiu KayoAnalisis e entrou\u00a0SadamHusseim<\/em><\/p>\n<p>&nbsp;<\/p>\n<h1>Pixel Shot 6 x 4 PD Terror<\/h1>\n<p>Os vencedores das partidas anteriores, se enfrentaram para ver quem seria o vencedor da primeira rodada. Como dito acima a equipe Pixel Shot completou tabela com a equipe PD Terror e mesmo com o resultado de 6 x 4 para a Pixel Shot, PD Terror foi considerada a equipe campe\u00e3 da rodada.<\/p>\n<h2>V\u00eddeo da Partida:<\/h2>\n<p>&nbsp;<\/p>\n<h2>Equipe Vencedora dessa Rodada: PD Terror!!!<\/h2>\n<p>&nbsp;<\/p>\n<p>&nbsp;<\/p>\n","protected":false},"excerpt":{"rendered":"<p>Nessa Primeira rodada contamos com 3 equipes do COTIL e 1 equipe do COTUCA, ambos col\u00e9gios t\u00e9cnicos da UNICAMP. Harecrishna 0 x 10 Pixel Shot Com Alguns Problemas t\u00e9cnicos com seu rob\u00f4 Endhiram, a equipe Harecrishnaperdeu a primeira partida para a equipe Pixel Shot. Houve uma tentativa de reverter a desvantagem no breve intervalo, por\u00e9m [&hellip;]<\/p>\n","protected":false},"author":12,"featured_media":0,"parent":0,"menu_order":0,"comment_status":"closed","ping_status":"closed","template":"","meta":{"_monsterinsights_skip_tracking":false,"_monsterinsights_sitenote_active":false,"_monsterinsights_sitenote_note":"","_monsterinsights_sitenote_category":0,"footnotes":"","_links_to":"","_links_to_target":""},"class_list":["post-2119","page","type-page","status-publish","hentry"],"wps_subtitle":"","_links":{"self":[{"href":"https:\/\/liag.ft.unicamp.br\/robocode\/wp-json\/wp\/v2\/pages\/2119","targetHints":{"allow":["GET"]}}],"collection":[{"href":"https:\/\/liag.ft.unicamp.br\/robocode\/wp-json\/wp\/v2\/pages"}],"about":[{"href":"https:\/\/liag.ft.unicamp.br\/robocode\/wp-json\/wp\/v2\/types\/page"}],"author":[{"embeddable":true,"href":"https:\/\/liag.ft.unicamp.br\/robocode\/wp-json\/wp\/v2\/users\/12"}],"replies":[{"embeddable":true,"href":"https:\/\/liag.ft.unicamp.br\/robocode\/wp-json\/wp\/v2\/comments?post=2119"}],"version-history":[{"count":0,"href":"https:\/\/liag.ft.unicamp.br\/robocode\/wp-json\/wp\/v2\/pages\/2119\/revisions"}],"wp:attachment":[{"href":"https:\/\/liag.ft.unicamp.br\/robocode\/wp-json\/wp\/v2\/media?parent=2119"}],"curies":[{"name":"wp","href":"https:\/\/api.w.org\/{rel}","templated":true}]}}