{"id":458,"date":"2017-04-19T22:13:41","date_gmt":"2017-04-19T22:13:41","guid":{"rendered":"http:\/\/liag.ft.unicamp.br\/scratch\/?page_id=458"},"modified":"2017-05-06T12:42:03","modified_gmt":"2017-05-06T12:42:03","slug":"inscricao-em-mini-curso","status":"publish","type":"page","link":"https:\/\/liag.ft.unicamp.br\/scratch\/inscricao-em-mini-curso\/","title":{"rendered":"INSCRI\u00c7\u00c3O EM MINI CURSO"},"content":{"rendered":"<p style=\"text-align: center\"><strong><span style=\"text-decoration: underline;color: #000000\">PER\u00cdODO DA MANH\u00c3<\/span><\/strong><\/p>\n<p><img decoding=\"async\" class=\"alignnone wp-image-465\" src=\"https:\/\/liag.ft.unicamp.br\/scratch\/wp-content\/uploads\/sites\/5\/2017\/04\/logo.png\" alt=\"logo\" width=\"142\" height=\"94\" \/><\/p>\n<p><span style=\"color: #000000\"><strong>Curso:\u00a0\u00a0 <span style=\"color: #000080\">S4A &#8211; Scratch For Arduino<\/span><\/strong><\/span><\/p>\n<p><span style=\"color: #000000\">Objetivo: Integra\u00e7\u00e3o entre Scratch e Ardu\u00edno<\/span><\/p>\n<p><span style=\"color: #000000\">Hor\u00e1rio: 9h \u00e0s 10h30<\/span><\/p>\n<p><span style=\"color: #000000\">Local: Faculdade de Tecnologia de Limeira (FT)<\/span><\/p>\n<p><span style=\"color: #000000\">Link de\u00a0inscri\u00e7\u00e3o:\u00a0INSCRI\u00c7\u00d5ES ENCERRADAS<strong>\u00a0<\/strong><\/span><\/p>\n<hr \/>\n<p style=\"text-align: center\"><strong><span style=\"text-decoration: underline;color: #000000\">PER\u00cdODO DA\u00a0TARDE<\/span><\/strong><\/p>\n<p>&nbsp;<\/p>\n<p><img decoding=\"async\" class=\"alignnone wp-image-466 \" src=\"https:\/\/liag.ft.unicamp.br\/scratch\/wp-content\/uploads\/sites\/5\/2017\/04\/LEGO_31313_box1_in_24_1488-300x300.png\" alt=\"lego_31313_box1_in_24_1488\" width=\"170\" height=\"170\" \/><\/p>\n<p><span style=\"color: #000000\"><strong>Curso:\u00a0\u00a0<span style=\"color: #000080\"> Aprendendo Matem\u00e1tica Utilizando o LEGO Mindstorms<\/span><\/strong><\/span><\/p>\n<p><span style=\"color: #000000\">Objetivo:<strong>\u00a0<\/strong>Din\u00e2micas que usam a rob\u00f3tica para trabalhar o conhecimento da matem\u00e1tica.<\/span><\/p>\n<p><span style=\"color: #000000\">Hor\u00e1rio: 13h \u00e0s 16h<\/span><\/p>\n<p><span style=\"color: #000000\">Local: Faculdade de Tecnologia de Limeira (FT)<\/span><\/p>\n<p><span style=\"color: #000000\">Link de\u00a0inscri\u00e7\u00e3o: INSCRI\u00c7\u00d5ES ENCERRADAS<strong>\u00a0<\/strong><\/span><\/p>\n<hr \/>\n<p><span style=\"color: #000000\"><strong>\u00a0 \u00a0<img decoding=\"async\" class=\"alignnone wp-image-212\" src=\"https:\/\/liag.ft.unicamp.br\/scratch\/wp-content\/uploads\/sites\/5\/2016\/10\/scratch-ideias.jpg\" alt=\"scratch-ideias\" width=\"224\" height=\"146\" \/><\/strong><\/span><\/p>\n<p><span style=\"color: #000000\"><strong>Curso:\u00a0\u00a0<span style=\"color: #000080\">\u00a0Scratch para iniciantes<\/span><\/strong><\/span><\/p>\n<p><span style=\"color: #000000\">Objetivo: Oficina de fundamentos de Scratch, aprender a criar o seu primeiro projeto e compartilh\u00e1-lo com a comunidade.<\/span><\/p>\n<p><span style=\"color: #000000\">Hor\u00e1rio: 15h \u00e0s 16h30<\/span><\/p>\n<p><span style=\"color: #000000\">Local: Faculdade de Tecnologia de Limeira (FT)<\/span><\/p>\n<p><span style=\"color: #000000\">Link de\u00a0inscri\u00e7\u00e3o:<strong> INSCRI\u00c7\u00d5ES ENCERRADAS\u00a0<\/strong><\/span><\/p>\n<hr \/>\n<p style=\"text-align: center\"><strong><span style=\"text-decoration: underline;color: #000000\">PER\u00cdODO DA NOITE<\/span><\/strong><\/p>\n<p style=\"text-align: left\"><img loading=\"lazy\" decoding=\"async\" class=\"alignnone wp-image-471\" src=\"https:\/\/liag.ft.unicamp.br\/scratch\/wp-content\/uploads\/sites\/5\/2017\/04\/JOGO.png\" alt=\"jogo\" width=\"295\" height=\"69\" \/><\/p>\n<p><span style=\"color: #000000\"><strong>Curso:\u00a0\u00a0<span style=\"color: #000080\">\u00a0Criando jogos com Scratch<\/span><\/strong><\/span><\/p>\n<p><span style=\"color: #000000\">Objetivo: Ensinar programa\u00e7\u00e3o com Scratch, atrav\u00e9s da cria\u00e7\u00e3o de jogos de diferentes n\u00edveis de dificuldade.<\/span><\/p>\n<p><span style=\"color: #000000\">Hor\u00e1rio: 20h30 \u00e0s 22h<\/span><\/p>\n<p><span style=\"color: #000000\">Local: Faculdade de Tecnologia de Limeira (FT)<\/span><\/p>\n<p><span style=\"color: #000000\">Link de\u00a0inscri\u00e7\u00e3o:<strong> INSCRI\u00c7\u00d5ES ENCERRADAS\u00a0<\/strong><\/span><\/p>\n","protected":false},"excerpt":{"rendered":"<p>PER\u00cdODO DA MANH\u00c3 Curso:\u00a0\u00a0 S4A &#8211; Scratch For Arduino Objetivo: Integra\u00e7\u00e3o entre Scratch e Ardu\u00edno Hor\u00e1rio: 9h \u00e0s 10h30 Local: Faculdade de Tecnologia de Limeira (FT) Link de\u00a0inscri\u00e7\u00e3o:\u00a0INSCRI\u00c7\u00d5ES ENCERRADAS\u00a0 PER\u00cdODO DA\u00a0TARDE &nbsp; Curso:\u00a0\u00a0 Aprendendo Matem\u00e1tica Utilizando o LEGO Mindstorms Objetivo:\u00a0Din\u00e2micas que usam a rob\u00f3tica para trabalhar o conhecimento da matem\u00e1tica. Hor\u00e1rio: 13h \u00e0s 16h Local:&nbsp;<\/p>\n<p><a class=\"btn btn-success btn-lg\" href=\"https:\/\/liag.ft.unicamp.br\/scratch\/inscricao-em-mini-curso\/\">Continue Reading &rarr;<\/a><\/p>\n","protected":false},"author":15,"featured_media":0,"parent":0,"menu_order":0,"comment_status":"closed","ping_status":"closed","template":"","meta":{"_monsterinsights_skip_tracking":false,"_monsterinsights_sitenote_active":false,"_monsterinsights_sitenote_note":"","_monsterinsights_sitenote_category":0,"footnotes":"","_links_to":"","_links_to_target":""},"class_list":["post-458","page","type-page","status-publish","hentry"],"wps_subtitle":"","_links":{"self":[{"href":"https:\/\/liag.ft.unicamp.br\/scratch\/wp-json\/wp\/v2\/pages\/458","targetHints":{"allow":["GET"]}}],"collection":[{"href":"https:\/\/liag.ft.unicamp.br\/scratch\/wp-json\/wp\/v2\/pages"}],"about":[{"href":"https:\/\/liag.ft.unicamp.br\/scratch\/wp-json\/wp\/v2\/types\/page"}],"author":[{"embeddable":true,"href":"https:\/\/liag.ft.unicamp.br\/scratch\/wp-json\/wp\/v2\/users\/15"}],"replies":[{"embeddable":true,"href":"https:\/\/liag.ft.unicamp.br\/scratch\/wp-json\/wp\/v2\/comments?post=458"}],"version-history":[{"count":12,"href":"https:\/\/liag.ft.unicamp.br\/scratch\/wp-json\/wp\/v2\/pages\/458\/revisions"}],"predecessor-version":[{"id":490,"href":"https:\/\/liag.ft.unicamp.br\/scratch\/wp-json\/wp\/v2\/pages\/458\/revisions\/490"}],"wp:attachment":[{"href":"https:\/\/liag.ft.unicamp.br\/scratch\/wp-json\/wp\/v2\/media?parent=458"}],"curies":[{"name":"wp","href":"https:\/\/api.w.org\/{rel}","templated":true}]}}